{"id":318,"date":"2025-09-26T09:24:41","date_gmt":"2025-09-26T07:24:41","guid":{"rendered":"https:\/\/komalanka.pl\/?page_id=318"},"modified":"2026-03-19T13:37:50","modified_gmt":"2026-03-19T12:37:50","slug":"artykul-fff","status":"publish","type":"page","link":"https:\/\/komalanka.pl\/?page_id=318","title":{"rendered":"Reiki racjonalnie"},"content":{"rendered":"\t\t<div data-elementor-type=\"wp-page\" data-elementor-id=\"318\" class=\"elementor elementor-318\">\n\t\t\t\t<div class=\"elementor-element elementor-element-8181707 e-flex e-con-boxed e-con e-parent\" data-id=\"8181707\" data-element_type=\"container\" data-e-type=\"container\">\n\t\t\t\t\t<div class=\"e-con-inner\">\n\t\t\t\t<div class=\"elementor-element elementor-element-4fd034d elementor-widget__width-initial elementor-widget elementor-widget-image\" data-id=\"4fd034d\" data-element_type=\"widget\" data-e-type=\"widget\" data-widget_type=\"image.default\">\n\t\t\t\t\t\t\t\t\t\t\t\t\t\t\t<img fetchpriority=\"high\" decoding=\"async\" width=\"1024\" height=\"561\" src=\"https:\/\/komalanka.pl\/wp-content\/uploads\/2026\/02\/Frame-5-1024x561.png\" class=\"attachment-large size-large wp-image-998\" alt=\"\" srcset=\"https:\/\/komalanka.pl\/wp-content\/uploads\/2026\/02\/Frame-5-1024x561.png 1024w, https:\/\/komalanka.pl\/wp-content\/uploads\/2026\/02\/Frame-5-300x164.png 300w, https:\/\/komalanka.pl\/wp-content\/uploads\/2026\/02\/Frame-5-768x421.png 768w, https:\/\/komalanka.pl\/wp-content\/uploads\/2026\/02\/Frame-5-1536x841.png 1536w, https:\/\/komalanka.pl\/wp-content\/uploads\/2026\/02\/Frame-5.png 2016w\" sizes=\"(max-width: 1024px) 100vw, 1024px\" \/>\t\t\t\t\t\t\t\t\t\t\t\t\t\t\t<\/div>\n\t\t\t\t\t<\/div>\n\t\t\t\t<\/div>\n\t\t<div class=\"elementor-element elementor-element-1b5b5f0 e-flex e-con-boxed e-con e-parent\" data-id=\"1b5b5f0\" data-element_type=\"container\" data-e-type=\"container\">\n\t\t\t\t\t<div class=\"e-con-inner\">\n\t\t\t\t<div class=\"elementor-element elementor-element-3628f24 elementor-widget elementor-widget-heading\" data-id=\"3628f24\" data-element_type=\"widget\" data-e-type=\"widget\" data-widget_type=\"heading.default\">\n\t\t\t\t\t<h2 class=\"elementor-heading-title elementor-size-default\"><b>Reiki racjonalnie<\/b><\/h2>\t\t\t\t<\/div>\n\t\t\t\t<div class=\"elementor-element elementor-element-66fb8ce elementor-widget elementor-widget-text-editor\" data-id=\"66fb8ce\" data-element_type=\"widget\" data-e-type=\"widget\" data-widget_type=\"text-editor.default\">\n\t\t\t\t\t\t\t\t\t<p>Reiki jest alternatywn\u0105 metod\u0105 uzdrawiania, uznan\u0105 przez WHO. Pomimo tego oraz faktu, \u017ce wiele nowoczesnych o\u015brodk\u00f3w leczenia wprowadza Reiki do swojej oferty oraz jest coraz wi\u0119cej dost\u0119pnych bada\u0144 naukowych na temat skuteczno\u015bci Reiki nadal spotykam si\u0119 ze sceptycznym podej\u015bciem do tej metody.\u00a0<\/p><p>Nie jest moj\u0105 intencj\u0105 namawia\u0107 ani przekonywa\u0107 do swojej prawdy poniewa\u017c szanuj\u0119 punkt widzenia ka\u017cdego cz\u0142owieka i absolutnie nie oceniam. Natomiast dla ludzi kt\u00f3rzy pytaj\u0105, pragn\u0105\u0142 do\u015bwiadczy\u0107 czego\u015b im nieznanego, szukaj\u0105cych czego\u015b czego nie potrafi\u0105 sprecyzowa\u0107 \u2026 , albo dla tych kt\u00f3rzy \u0142api\u0105 si\u0119 wszystkiego bo to co powszechne ju\u017c dawno zawiod\u0142o postaram si\u0119 zg\u0142\u0119bi\u0107 kwesti\u0119 Reiki.\u00a0<\/p><p>Kr\u0105\u017cy wiele legend i opowie\u015bci na temat magii Reiki. Moim celem jest przedstawienie Reiki z bardziej racjonalnej strony.\u00a0<\/p><p>Reiki nie jest \u017cadn\u0105 magi\u0105 jest to uniwersalna energia \u017cycia do kt\u00f3rej ka\u017cdy mo\u017ce mie\u0107 dost\u0119p i nie trzeba by\u0107 wyj\u0105tkowym, utalentowanym, wybitnym ani wybranym \u017ceby jej u\u017cywa\u0107. Ka\u017cdy mo\u017ce si\u0119 tego nauczy\u0107 i stosowa\u0107 z po\u017cytkiem dla siebie i otoczenia. Nauka przekazywana jest tradycyjn\u0105 drog\u0105 w bezpo\u015brednim przekazie od Mistrza do Ucznia.\u00a0<\/p><p>Zasada dzia\u0142ania Reiki opiera si\u0119 na energii, ale to \u017ce wszystko jest energi\u0105 udowodni\u0142 ju\u017c Albert Eistein. I chocia\u017c ludzko\u015b\u0107 uzna\u0142a to za wielkie odkrycie to m\u0119drcy Dalekiego Wschodu w Indiach, Chinach czy Tybecie, wiedzieli o tym od tysi\u0119cy lat \u017ce cia\u0142o cz\u0142owieka te\u017c jest energi\u0105.\u00a0<\/p><p>W Indiach energi\u0119 nazywano PRANA, w Chinach CHI w Tybecie LUNG a w Japonii REI<\/p>\t\t\t\t\t\t\t\t<\/div>\n\t\t\t\t\t<\/div>\n\t\t\t\t<\/div>\n\t\t<div class=\"elementor-element elementor-element-d06f6c8 e-flex e-con-boxed e-con e-parent\" data-id=\"d06f6c8\" data-element_type=\"container\" data-e-type=\"container\" data-settings=\"{&quot;background_background&quot;:&quot;classic&quot;}\">\n\t\t\t\t\t<div class=\"e-con-inner\">\n\t\t\t\t<div class=\"elementor-element elementor-element-7c851d8 elementor-widget elementor-widget-heading\" data-id=\"7c851d8\" data-element_type=\"widget\" data-e-type=\"widget\" data-widget_type=\"heading.default\">\n\t\t\t\t\t<h2 class=\"elementor-heading-title elementor-size-default\"><b>Energia Reiki powi\u0105zana jest z Uniwersaln\u0105 Energi\u0105 \u017bycia.<\/b><\/h2>\t\t\t\t<\/div>\n\t\t\t\t\t<\/div>\n\t\t\t\t<\/div>\n\t\t<div class=\"elementor-element elementor-element-7080f67 e-flex e-con-boxed e-con e-parent\" data-id=\"7080f67\" data-element_type=\"container\" data-e-type=\"container\" data-settings=\"{&quot;background_background&quot;:&quot;classic&quot;}\">\n\t\t\t\t\t<div class=\"e-con-inner\">\n\t\t<div class=\"elementor-element elementor-element-2c46561 e-con-full e-flex e-con e-child\" data-id=\"2c46561\" data-element_type=\"container\" data-e-type=\"container\">\n\t\t<div class=\"elementor-element elementor-element-d88f70b e-con-full e-flex e-con e-child\" data-id=\"d88f70b\" data-element_type=\"container\" data-e-type=\"container\">\n\t\t\t\t<div class=\"elementor-element elementor-element-ba7ca41 elementor-view-default elementor-widget elementor-widget-icon\" data-id=\"ba7ca41\" data-element_type=\"widget\" data-e-type=\"widget\" data-widget_type=\"icon.default\">\n\t\t\t\t\t\t\t<div class=\"elementor-icon-wrapper\">\n\t\t\t<div class=\"elementor-icon\">\n\t\t\t<svg aria-hidden=\"true\" class=\"e-font-icon-svg e-fas-heart\" viewBox=\"0 0 512 512\" xmlns=\"http:\/\/www.w3.org\/2000\/svg\"><path d=\"M462.3 62.6C407.5 15.9 326 24.3 275.7 76.2L256 96.5l-19.7-20.3C186.1 24.3 104.5 15.9 49.7 62.6c-62.8 53.6-66.1 149.8-9.9 207.9l193.5 199.8c12.5 12.9 32.8 12.9 45.3 0l193.5-199.8c56.3-58.1 53-154.3-9.8-207.9z\"><\/path><\/svg>\t\t\t<\/div>\n\t\t<\/div>\n\t\t\t\t\t\t<\/div>\n\t\t\t\t<\/div>\n\t\t<div class=\"elementor-element elementor-element-3711cca e-con-full e-flex e-con e-child\" data-id=\"3711cca\" data-element_type=\"container\" data-e-type=\"container\">\n\t\t\t\t<div class=\"elementor-element elementor-element-578bd3a elementor-widget elementor-widget-text-editor\" data-id=\"578bd3a\" data-element_type=\"widget\" data-e-type=\"widget\" data-widget_type=\"text-editor.default\">\n\t\t\t\t\t\t\t\t\t<p><strong>REI<\/strong> jest energi\u0105 pochodz\u0105c\u0105 ze \u017ar\u00f3d\u0142a Wszelkiej Mocy kt\u00f3ra nie ma pocz\u0105tku ani ko\u0144ca, jest niezniszczalna i jest \u017ar\u00f3d\u0142em wszelkiego bytu i istnienia<\/p>\t\t\t\t\t\t\t\t<\/div>\n\t\t\t\t<\/div>\n\t\t\t\t<\/div>\n\t\t\t\t\t<\/div>\n\t\t\t\t<\/div>\n\t\t<div class=\"elementor-element elementor-element-277a0cb e-flex e-con-boxed e-con e-parent\" data-id=\"277a0cb\" data-element_type=\"container\" data-e-type=\"container\" data-settings=\"{&quot;background_background&quot;:&quot;classic&quot;}\">\n\t\t\t\t\t<div class=\"e-con-inner\">\n\t\t<div class=\"elementor-element elementor-element-c0fda0b e-con-full e-flex e-con e-child\" data-id=\"c0fda0b\" data-element_type=\"container\" data-e-type=\"container\">\n\t\t<div class=\"elementor-element elementor-element-e1eec76 e-con-full e-flex e-con e-child\" data-id=\"e1eec76\" data-element_type=\"container\" data-e-type=\"container\">\n\t\t\t\t<div class=\"elementor-element elementor-element-8e52655 elementor-view-default elementor-widget elementor-widget-icon\" data-id=\"8e52655\" data-element_type=\"widget\" data-e-type=\"widget\" data-widget_type=\"icon.default\">\n\t\t\t\t\t\t\t<div class=\"elementor-icon-wrapper\">\n\t\t\t<div class=\"elementor-icon\">\n\t\t\t<svg aria-hidden=\"true\" class=\"e-font-icon-svg e-fas-heart\" viewBox=\"0 0 512 512\" xmlns=\"http:\/\/www.w3.org\/2000\/svg\"><path d=\"M462.3 62.6C407.5 15.9 326 24.3 275.7 76.2L256 96.5l-19.7-20.3C186.1 24.3 104.5 15.9 49.7 62.6c-62.8 53.6-66.1 149.8-9.9 207.9l193.5 199.8c12.5 12.9 32.8 12.9 45.3 0l193.5-199.8c56.3-58.1 53-154.3-9.8-207.9z\"><\/path><\/svg>\t\t\t<\/div>\n\t\t<\/div>\n\t\t\t\t\t\t<\/div>\n\t\t\t\t<\/div>\n\t\t<div class=\"elementor-element elementor-element-c1e58e5 e-con-full e-flex e-con e-child\" data-id=\"c1e58e5\" data-element_type=\"container\" data-e-type=\"container\">\n\t\t\t\t<div class=\"elementor-element elementor-element-727ac08 elementor-widget elementor-widget-text-editor\" data-id=\"727ac08\" data-element_type=\"widget\" data-e-type=\"widget\" data-widget_type=\"text-editor.default\">\n\t\t\t\t\t\t\t\t\t<p><strong>KI<\/strong> to energia w\u0142asna istoty \u017cywej kt\u00f3ra pochodzi od REI ale ma swoje indywidualne wibracje<\/p>\t\t\t\t\t\t\t\t<\/div>\n\t\t\t\t<\/div>\n\t\t\t\t<\/div>\n\t\t\t\t\t<\/div>\n\t\t\t\t<\/div>\n\t\t<div class=\"elementor-element elementor-element-57b7eaf e-flex e-con-boxed e-con e-parent\" data-id=\"57b7eaf\" data-element_type=\"container\" data-e-type=\"container\" data-settings=\"{&quot;background_background&quot;:&quot;classic&quot;}\">\n\t\t\t\t\t<div class=\"e-con-inner\">\n\t\t<div class=\"elementor-element elementor-element-ed92d43 e-con-full e-flex e-con e-child\" data-id=\"ed92d43\" data-element_type=\"container\" data-e-type=\"container\">\n\t\t<div class=\"elementor-element elementor-element-1d0ee93 e-con-full e-flex e-con e-child\" data-id=\"1d0ee93\" data-element_type=\"container\" data-e-type=\"container\">\n\t\t\t\t<div class=\"elementor-element elementor-element-11fc72b elementor-view-default elementor-widget elementor-widget-icon\" data-id=\"11fc72b\" data-element_type=\"widget\" data-e-type=\"widget\" data-widget_type=\"icon.default\">\n\t\t\t\t\t\t\t<div class=\"elementor-icon-wrapper\">\n\t\t\t<div class=\"elementor-icon\">\n\t\t\t<svg aria-hidden=\"true\" class=\"e-font-icon-svg e-fas-heart\" viewBox=\"0 0 512 512\" xmlns=\"http:\/\/www.w3.org\/2000\/svg\"><path d=\"M462.3 62.6C407.5 15.9 326 24.3 275.7 76.2L256 96.5l-19.7-20.3C186.1 24.3 104.5 15.9 49.7 62.6c-62.8 53.6-66.1 149.8-9.9 207.9l193.5 199.8c12.5 12.9 32.8 12.9 45.3 0l193.5-199.8c56.3-58.1 53-154.3-9.8-207.9z\"><\/path><\/svg>\t\t\t<\/div>\n\t\t<\/div>\n\t\t\t\t\t\t<\/div>\n\t\t\t\t<\/div>\n\t\t<div class=\"elementor-element elementor-element-192efa4 e-con-full e-flex e-con e-child\" data-id=\"192efa4\" data-element_type=\"container\" data-e-type=\"container\">\n\t\t\t\t<div class=\"elementor-element elementor-element-8ef8d14 elementor-widget elementor-widget-text-editor\" data-id=\"8ef8d14\" data-element_type=\"widget\" data-e-type=\"widget\" data-widget_type=\"text-editor.default\">\n\t\t\t\t\t\t\t\t\t<p>\u017beby \u017cycie by\u0142o podtrzymywane strumie\u0144 <strong>REI<\/strong> musi nieustannie przep\u0142ywa\u0107 przez cia\u0142o cz\u0142owieka, zasilaj\u0105c jego <strong>KI<\/strong>.<\/p>\t\t\t\t\t\t\t\t<\/div>\n\t\t\t\t<\/div>\n\t\t\t\t<\/div>\n\t\t\t\t\t<\/div>\n\t\t\t\t<\/div>\n\t\t<div class=\"elementor-element elementor-element-3a46925 e-flex e-con-boxed e-con e-parent\" data-id=\"3a46925\" data-element_type=\"container\" data-e-type=\"container\">\n\t\t\t\t\t<div class=\"e-con-inner\">\n\t\t\t\t<div class=\"elementor-element elementor-element-c9f37e5 elementor-widget elementor-widget-text-editor\" data-id=\"c9f37e5\" data-element_type=\"widget\" data-e-type=\"widget\" data-widget_type=\"text-editor.default\">\n\t\t\t\t\t\t\t\t\t<p>REIKI jest zabiegiem umo\u017cliwiaj\u0105cym przep\u0142yw energii \u017cyciowej przez cia\u0142o cz\u0142owieka. To nie oznacza, \u017ce energia nie p\u0142ynie je\u017celi nie robimy\u00a0<span style=\"background-color: rgba(0, 0, 0, 0);\">zabieg\u00f3w, je\u017celi cz\u0142owiek jest zdrowy i nie ma \u017cadnych blokad energia\u00a0<\/span><span style=\"background-color: rgba(0, 0, 0, 0);\">przep\u0142ywa w naturalny spos\u00f3b.\u00a0<\/span><\/p><p><span style=\"background-color: rgba(0, 0, 0, 0);\">Niezdolno\u015b\u0107 do swobodnego przep\u0142ywu energii, spowodowana jest\u00a0<\/span><span style=\"background-color: rgba(0, 0, 0, 0);\">blokadami w systemie energetycznym cz\u0142owieka i jest uznawana za\u00a0<\/span><span style=\"background-color: rgba(0, 0, 0, 0);\">przyczyn\u0119 wszelkich jego problem\u00f3w psychicznych, fizycznych,\u00a0<\/span><span style=\"background-color: rgba(0, 0, 0, 0);\">duchowych czy emocjonalnych.\u00a0<\/span><\/p><p><span style=\"background-color: rgba(0, 0, 0, 0);\">Cz\u0142owiek jako istota energetyczna zanurzony jest w energii\u00a0<\/span><span style=\"background-color: rgba(0, 0, 0, 0);\">wszech\u015bwiata kt\u00f3ra go kreuje, zasila i przenika tworz\u0105c z nim jedno\u015b\u0107.\u00a0<\/span><\/p><p><span style=\"background-color: rgba(0, 0, 0, 0);\">Je\u017celi energia p\u0142ynie swobodnie i nie ma \u017cadnych blokad jeste\u015bmy\u00a0<\/span><span style=\"background-color: rgba(0, 0, 0, 0);\">szcz\u0119\u015bliwi, mamy zdrowe cia\u0142o, umys\u0142 i zr\u00f3wnowa\u017cone emocje.\u00a0<\/span><span style=\"background-color: rgba(0, 0, 0, 0);\">Je\u017celi u\u015bwiadomimy sobie te zale\u017cno\u015bci to zrozumiemy istot\u0119 dzia\u0142ania\u00a0<\/span><span style=\"background-color: rgba(0, 0, 0, 0);\">zabiegu REIKI kt\u00f3ry uruchamia swobodny przep\u0142yw energii przez cia\u0142o\u00a0<\/span><span style=\"background-color: rgba(0, 0, 0, 0);\">energetyczne cz\u0142owieka.<\/span><\/p>\t\t\t\t\t\t\t\t<\/div>\n\t\t\t\t\t<\/div>\n\t\t\t\t<\/div>\n\t\t\t\t<\/div>\n\t\t","protected":false},"excerpt":{"rendered":"<p>Reiki racjonalnie Reiki jest alternatywn\u0105 metod\u0105 uzdrawiania, uznan\u0105 przez WHO. Pomimo tego oraz faktu, \u017ce wiele nowoczesnych o\u015brodk\u00f3w leczenia wprowadza Reiki do swojej oferty oraz jest coraz wi\u0119cej dost\u0119pnych bada\u0144 naukowych na temat skuteczno\u015bci Reiki nadal spotykam si\u0119 ze sceptycznym podej\u015bciem do tej metody.\u00a0 Nie jest moj\u0105 intencj\u0105 namawia\u0107 ani przekonywa\u0107 do swojej prawdy poniewa\u017c&#8230;<\/p>\n","protected":false},"author":1,"featured_media":0,"parent":0,"menu_order":0,"comment_status":"closed","ping_status":"closed","template":"","meta":{"_kadence_starter_templates_imported_post":false,"_kad_post_transparent":"","_kad_post_title":"hide","_kad_post_layout":"fullwidth","_kad_post_sidebar_id":"","_kad_post_content_style":"unboxed","_kad_post_vertical_padding":"hide","_kad_post_feature":"hide","_kad_post_feature_position":"","_kad_post_header":false,"_kad_post_footer":false,"_kad_post_classname":"","footnotes":""},"class_list":["post-318","page","type-page","status-publish","hentry"],"_links":{"self":[{"href":"https:\/\/komalanka.pl\/index.php?rest_route=\/wp\/v2\/pages\/318","targetHints":{"allow":["GET"]}}],"collection":[{"href":"https:\/\/komalanka.pl\/index.php?rest_route=\/wp\/v2\/pages"}],"about":[{"href":"https:\/\/komalanka.pl\/index.php?rest_route=\/wp\/v2\/types\/page"}],"author":[{"embeddable":true,"href":"https:\/\/komalanka.pl\/index.php?rest_route=\/wp\/v2\/users\/1"}],"replies":[{"embeddable":true,"href":"https:\/\/komalanka.pl\/index.php?rest_route=%2Fwp%2Fv2%2Fcomments&post=318"}],"version-history":[{"count":50,"href":"https:\/\/komalanka.pl\/index.php?rest_route=\/wp\/v2\/pages\/318\/revisions"}],"predecessor-version":[{"id":1348,"href":"https:\/\/komalanka.pl\/index.php?rest_route=\/wp\/v2\/pages\/318\/revisions\/1348"}],"wp:attachment":[{"href":"https:\/\/komalanka.pl\/index.php?rest_route=%2Fwp%2Fv2%2Fmedia&parent=318"}],"curies":[{"name":"wp","href":"https:\/\/api.w.org\/{rel}","templated":true}]}}