{"id":21,"date":"2025-09-16T20:37:57","date_gmt":"2025-09-16T18:37:57","guid":{"rendered":"https:\/\/komalanka.pl\/?page_id=21"},"modified":"2026-03-19T13:27:54","modified_gmt":"2026-03-19T12:27:54","slug":"inspiracje-z-natury","status":"publish","type":"page","link":"https:\/\/komalanka.pl\/?page_id=21","title":{"rendered":"Inspiracje z Natury"},"content":{"rendered":"\t\t<div data-elementor-type=\"wp-page\" data-elementor-id=\"21\" class=\"elementor elementor-21\">\n\t\t\t\t<div class=\"elementor-element elementor-element-245b077 e-flex e-con-boxed e-con e-parent\" data-id=\"245b077\" data-element_type=\"container\" data-e-type=\"container\">\n\t\t\t\t\t<div class=\"e-con-inner\">\n\t\t\t\t<div class=\"elementor-element elementor-element-dbb689c elementor-widget elementor-widget-heading\" data-id=\"dbb689c\" data-element_type=\"widget\" data-e-type=\"widget\" data-widget_type=\"heading.default\">\n\t\t\t\t\t<h2 class=\"elementor-heading-title elementor-size-default\"><b>Inspiracje z natury<\/b><\/h2>\t\t\t\t<\/div>\n\t\t\t\t<div class=\"elementor-element elementor-element-653ed64 elementor-widget elementor-widget-text-editor\" data-id=\"653ed64\" data-element_type=\"widget\" data-e-type=\"widget\" data-widget_type=\"text-editor.default\">\n\t\t\t\t\t\t\t\t\t<p>Poznaj naturalne sposoby na regeneracj\u0119 cia\u0142a i wyciszenie umys\u0142u. Znajdziesz tu artyku\u0142y o terapeutycznej mocy masa\u017cu, medycynie alternatywnej i ro\u015blinnych recepturach, kt\u00f3re wspieraj\u0105 zdrowie w zgodzie z natur\u0105. Czerp z tych inspiracji i dbaj o siebie m\u0105drze.<\/p>\t\t\t\t\t\t\t\t<\/div>\n\t\t\t\t\t<\/div>\n\t\t\t\t<\/div>\n\t\t<div class=\"elementor-element elementor-element-887160a e-flex e-con-boxed e-con e-parent\" data-id=\"887160a\" data-element_type=\"container\" data-e-type=\"container\">\n\t\t\t\t\t<div class=\"e-con-inner\">\n\t\t<div class=\"elementor-element elementor-element-fc44137 e-con-full e-flex e-con e-child\" data-id=\"fc44137\" data-element_type=\"container\" data-e-type=\"container\">\n\t\t\t\t<div class=\"elementor-element elementor-element-f2ef742 elementor-widget elementor-widget-image\" data-id=\"f2ef742\" data-element_type=\"widget\" data-e-type=\"widget\" data-widget_type=\"image.default\">\n\t\t\t\t\t\t\t\t\t\t\t\t\t\t\t<img fetchpriority=\"high\" decoding=\"async\" width=\"1024\" height=\"683\" src=\"https:\/\/komalanka.pl\/wp-content\/uploads\/2026\/02\/young-woman-using-massage-oil-her-client-1024x683.jpg\" class=\"attachment-large size-large wp-image-943\" alt=\"\" srcset=\"https:\/\/komalanka.pl\/wp-content\/uploads\/2026\/02\/young-woman-using-massage-oil-her-client-1024x683.jpg 1024w, https:\/\/komalanka.pl\/wp-content\/uploads\/2026\/02\/young-woman-using-massage-oil-her-client-300x200.jpg 300w, https:\/\/komalanka.pl\/wp-content\/uploads\/2026\/02\/young-woman-using-massage-oil-her-client-768x512.jpg 768w, https:\/\/komalanka.pl\/wp-content\/uploads\/2026\/02\/young-woman-using-massage-oil-her-client-1536x1024.jpg 1536w, https:\/\/komalanka.pl\/wp-content\/uploads\/2026\/02\/young-woman-using-massage-oil-her-client-2048x1365.jpg 2048w\" sizes=\"(max-width: 1024px) 100vw, 1024px\" \/>\t\t\t\t\t\t\t\t\t\t\t\t\t\t\t<\/div>\n\t\t\t\t<\/div>\n\t\t<div class=\"elementor-element elementor-element-68586c3 e-con-full e-flex e-con e-child\" data-id=\"68586c3\" data-element_type=\"container\" data-e-type=\"container\">\n\t\t\t\t<div class=\"elementor-element elementor-element-a258cf5 elementor-widget elementor-widget-heading\" data-id=\"a258cf5\" data-element_type=\"widget\" data-e-type=\"widget\" data-widget_type=\"heading.default\">\n\t\t\t\t\t<h2 class=\"elementor-heading-title elementor-size-default\"><b>Jak przygotowa\u0107 si\u0119 do masa\u017cu Abhyangam?<\/b><\/h2>\t\t\t\t<\/div>\n\t\t\t\t<div class=\"elementor-element elementor-element-9c1f4a2 elementor-widget elementor-widget-text-editor\" data-id=\"9c1f4a2\" data-element_type=\"widget\" data-e-type=\"widget\" data-widget_type=\"text-editor.default\">\n\t\t\t\t\t\t\t\t\t<p>Niezale\u017cnie od tego czy przyjdziesz na masa\u017c Abhyangam w celach zdrowotnych czy dla\u00a0<span style=\"background-color: rgba(0, 0, 0, 0);\">relaksu wa\u017cne jest dobre nastawienie i przygotowanie si\u0119&#8230;.<\/span><\/p>\t\t\t\t\t\t\t\t<\/div>\n\t\t\t\t<div class=\"elementor-element elementor-element-fd5ee9c elementor-align-center elementor-widget elementor-widget-button\" data-id=\"fd5ee9c\" data-element_type=\"widget\" data-e-type=\"widget\" data-widget_type=\"button.default\">\n\t\t\t\t\t\t\t\t\t\t<a class=\"elementor-button elementor-button-link elementor-size-sm\" href=\"https:\/\/komalanka.pl\/?page_id=316\">\n\t\t\t\t\t\t<span class=\"elementor-button-content-wrapper\">\n\t\t\t\t\t\t\t\t\t<span class=\"elementor-button-text\">Czytaj dalej artyku\u0142<\/span>\n\t\t\t\t\t<\/span>\n\t\t\t\t\t<\/a>\n\t\t\t\t\t\t\t\t<\/div>\n\t\t\t\t<\/div>\n\t\t\t\t\t<\/div>\n\t\t\t\t<\/div>\n\t\t<div class=\"elementor-element elementor-element-1c0bd60 e-flex e-con-boxed e-con e-parent\" data-id=\"1c0bd60\" data-element_type=\"container\" data-e-type=\"container\">\n\t\t\t\t\t<div class=\"e-con-inner\">\n\t\t<div class=\"elementor-element elementor-element-9b628cd e-con-full e-flex e-con e-child\" data-id=\"9b628cd\" data-element_type=\"container\" data-e-type=\"container\">\n\t\t<div class=\"elementor-element elementor-element-545e61a e-con-full e-flex e-con e-child\" data-id=\"545e61a\" data-element_type=\"container\" data-e-type=\"container\">\n\t\t\t\t<div class=\"elementor-element elementor-element-d0b0363 elementor-widget elementor-widget-image\" data-id=\"d0b0363\" data-element_type=\"widget\" data-e-type=\"widget\" data-widget_type=\"image.default\">\n\t\t\t\t\t\t\t\t\t\t\t\t\t\t\t<img decoding=\"async\" width=\"1024\" height=\"683\" src=\"https:\/\/komalanka.pl\/wp-content\/uploads\/2026\/02\/midsection-therapist-performing-reiki-treatment-woman-1-1024x683.png\" class=\"attachment-large size-large wp-image-1008\" alt=\"\" srcset=\"https:\/\/komalanka.pl\/wp-content\/uploads\/2026\/02\/midsection-therapist-performing-reiki-treatment-woman-1-1024x683.png 1024w, https:\/\/komalanka.pl\/wp-content\/uploads\/2026\/02\/midsection-therapist-performing-reiki-treatment-woman-1-300x200.png 300w, https:\/\/komalanka.pl\/wp-content\/uploads\/2026\/02\/midsection-therapist-performing-reiki-treatment-woman-1-768x512.png 768w, https:\/\/komalanka.pl\/wp-content\/uploads\/2026\/02\/midsection-therapist-performing-reiki-treatment-woman-1-1536x1024.png 1536w, https:\/\/komalanka.pl\/wp-content\/uploads\/2026\/02\/midsection-therapist-performing-reiki-treatment-woman-1.png 2048w\" sizes=\"(max-width: 1024px) 100vw, 1024px\" \/>\t\t\t\t\t\t\t\t\t\t\t\t\t\t\t<\/div>\n\t\t\t\t<div class=\"elementor-element elementor-element-770299b elementor-widget elementor-widget-heading\" data-id=\"770299b\" data-element_type=\"widget\" data-e-type=\"widget\" data-widget_type=\"heading.default\">\n\t\t\t\t\t<h2 class=\"elementor-heading-title elementor-size-default\"><b>Reiki racjonalnie<\/b><\/h2>\t\t\t\t<\/div>\n\t\t\t\t<div class=\"elementor-element elementor-element-6d6be5b elementor-widget elementor-widget-text-editor\" data-id=\"6d6be5b\" data-element_type=\"widget\" data-e-type=\"widget\" data-widget_type=\"text-editor.default\">\n\t\t\t\t\t\t\t\t\t<p>Reiki jest alternatywn\u0105 metod\u0105 uzdrawiania, uznan\u0105 przez WHO. Pomimo tego oraz faktu, \u017ce&#8230;..<\/p>\t\t\t\t\t\t\t\t<\/div>\n\t\t\t\t<div class=\"elementor-element elementor-element-ea744d5 elementor-align-center elementor-widget elementor-widget-button\" data-id=\"ea744d5\" data-element_type=\"widget\" data-e-type=\"widget\" data-widget_type=\"button.default\">\n\t\t\t\t\t\t\t\t\t\t<a class=\"elementor-button elementor-button-link elementor-size-sm\" href=\"https:\/\/komalanka.pl\/?page_id=318\">\n\t\t\t\t\t\t<span class=\"elementor-button-content-wrapper\">\n\t\t\t\t\t\t\t\t\t<span class=\"elementor-button-text\">Czytaj dalej artyku\u0142<\/span>\n\t\t\t\t\t<\/span>\n\t\t\t\t\t<\/a>\n\t\t\t\t\t\t\t\t<\/div>\n\t\t\t\t<\/div>\n\t\t<div class=\"elementor-element elementor-element-52dce1a e-con-full e-flex e-con e-child\" data-id=\"52dce1a\" data-element_type=\"container\" data-e-type=\"container\">\n\t\t\t\t<div class=\"elementor-element elementor-element-a49c965 elementor-widget elementor-widget-image\" data-id=\"a49c965\" data-element_type=\"widget\" data-e-type=\"widget\" data-widget_type=\"image.default\">\n\t\t\t\t\t\t\t\t\t\t\t\t\t\t\t<img decoding=\"async\" width=\"1024\" height=\"683\" src=\"https:\/\/komalanka.pl\/wp-content\/uploads\/2026\/02\/woman-energy-therapy-still-life-1024x683.jpg\" class=\"attachment-large size-large wp-image-1016\" alt=\"\" srcset=\"https:\/\/komalanka.pl\/wp-content\/uploads\/2026\/02\/woman-energy-therapy-still-life-1024x683.jpg 1024w, https:\/\/komalanka.pl\/wp-content\/uploads\/2026\/02\/woman-energy-therapy-still-life-300x200.jpg 300w, https:\/\/komalanka.pl\/wp-content\/uploads\/2026\/02\/woman-energy-therapy-still-life-768x512.jpg 768w, https:\/\/komalanka.pl\/wp-content\/uploads\/2026\/02\/woman-energy-therapy-still-life-1536x1024.jpg 1536w\" sizes=\"(max-width: 1024px) 100vw, 1024px\" \/>\t\t\t\t\t\t\t\t\t\t\t\t\t\t\t<\/div>\n\t\t\t\t<div class=\"elementor-element elementor-element-a9c5ee5 elementor-widget elementor-widget-heading\" data-id=\"a9c5ee5\" data-element_type=\"widget\" data-e-type=\"widget\" data-widget_type=\"heading.default\">\n\t\t\t\t\t<h2 class=\"elementor-heading-title elementor-size-default\"><b>Jak przygotowa\u0107 si\u0119 do sesji Reiki?<\/b><\/h2>\t\t\t\t<\/div>\n\t\t\t\t<div class=\"elementor-element elementor-element-c709147 elementor-widget elementor-widget-text-editor\" data-id=\"c709147\" data-element_type=\"widget\" data-e-type=\"widget\" data-widget_type=\"text-editor.default\">\n\t\t\t\t\t\t\t\t\t<p>Reiki nie wymaga specjalnych przygotowa\u0144, ta uniwersalna energia przep\u0142ywaj\u0105ca przez\u00a0<span style=\"background-color: rgba(0, 0, 0, 0);\">moje&#8230;<\/span><\/p>\t\t\t\t\t\t\t\t<\/div>\n\t\t\t\t<div class=\"elementor-element elementor-element-ee7bef0 elementor-align-center elementor-widget elementor-widget-button\" data-id=\"ee7bef0\" data-element_type=\"widget\" data-e-type=\"widget\" data-widget_type=\"button.default\">\n\t\t\t\t\t\t\t\t\t\t<a class=\"elementor-button elementor-button-link elementor-size-sm\" href=\"https:\/\/komalanka.pl\/?page_id=314\">\n\t\t\t\t\t\t<span class=\"elementor-button-content-wrapper\">\n\t\t\t\t\t\t\t\t\t<span class=\"elementor-button-text\">Czytaj dalej artyku\u0142<\/span>\n\t\t\t\t\t<\/span>\n\t\t\t\t\t<\/a>\n\t\t\t\t\t\t\t\t<\/div>\n\t\t\t\t<\/div>\n\t\t\t\t<\/div>\n\t\t\t\t\t<\/div>\n\t\t\t\t<\/div>\n\t\t<div class=\"elementor-element elementor-element-c6cd5db e-flex e-con-boxed e-con e-parent\" data-id=\"c6cd5db\" data-element_type=\"container\" data-e-type=\"container\">\n\t\t\t\t\t<div class=\"e-con-inner\">\n\t\t<div class=\"elementor-element elementor-element-cc75211 e-con-full e-flex e-con e-child\" data-id=\"cc75211\" data-element_type=\"container\" data-e-type=\"container\">\n\t\t\t\t<div class=\"elementor-element elementor-element-291b924 elementor-widget elementor-widget-image\" data-id=\"291b924\" data-element_type=\"widget\" data-e-type=\"widget\" data-widget_type=\"image.default\">\n\t\t\t\t\t\t\t\t\t\t\t\t\t\t\t<img loading=\"lazy\" decoding=\"async\" width=\"1024\" height=\"725\" src=\"https:\/\/komalanka.pl\/wp-content\/uploads\/2025\/09\/Frame-23-1024x725.png\" class=\"attachment-large size-large wp-image-449\" alt=\"\" srcset=\"https:\/\/komalanka.pl\/wp-content\/uploads\/2025\/09\/Frame-23-1024x725.png 1024w, https:\/\/komalanka.pl\/wp-content\/uploads\/2025\/09\/Frame-23-300x212.png 300w, https:\/\/komalanka.pl\/wp-content\/uploads\/2025\/09\/Frame-23-768x543.png 768w, https:\/\/komalanka.pl\/wp-content\/uploads\/2025\/09\/Frame-23-1536x1087.png 1536w, https:\/\/komalanka.pl\/wp-content\/uploads\/2025\/09\/Frame-23.png 1577w\" sizes=\"(max-width: 1024px) 100vw, 1024px\" \/>\t\t\t\t\t\t\t\t\t\t\t\t\t\t\t<\/div>\n\t\t\t\t<\/div>\n\t\t<div class=\"elementor-element elementor-element-af5a469 e-con-full e-flex e-con e-child\" data-id=\"af5a469\" data-element_type=\"container\" data-e-type=\"container\">\n\t\t\t\t<div class=\"elementor-element elementor-element-78e445f elementor-widget elementor-widget-heading\" data-id=\"78e445f\" data-element_type=\"widget\" data-e-type=\"widget\" data-widget_type=\"heading.default\">\n\t\t\t\t\t<h2 class=\"elementor-heading-title elementor-size-default\"><b>Sposoby na przezi\u0119bienie<\/b><\/h2>\t\t\t\t<\/div>\n\t\t\t\t<div class=\"elementor-element elementor-element-71669f4 elementor-widget elementor-widget-text-editor\" data-id=\"71669f4\" data-element_type=\"widget\" data-e-type=\"widget\" data-widget_type=\"text-editor.default\">\n\t\t\t\t\t\t\t\t\t<p>Zima w tym roku da\u0142a si\u0119 wszystkim we znaki bardziej ni\u017c zwykle. Rano na termometrze -23\u00a0<span style=\"background-color: rgba(0, 0, 0, 0);\">stopni. Cz\u0119sto na takie warunki nasze gard\u0142a i organizmy reaguj\u0105 przezi\u0119bieniem&#8230;.<\/span><\/p>\t\t\t\t\t\t\t\t<\/div>\n\t\t\t\t<div class=\"elementor-element elementor-element-9257f33 elementor-align-center elementor-widget elementor-widget-button\" data-id=\"9257f33\" data-element_type=\"widget\" data-e-type=\"widget\" data-widget_type=\"button.default\">\n\t\t\t\t\t\t\t\t\t\t<a class=\"elementor-button elementor-button-link elementor-size-sm\" href=\"https:\/\/komalanka.pl\/?page_id=312\">\n\t\t\t\t\t\t<span class=\"elementor-button-content-wrapper\">\n\t\t\t\t\t\t\t\t\t<span class=\"elementor-button-text\">Czytaj dalej artyku\u0142<\/span>\n\t\t\t\t\t<\/span>\n\t\t\t\t\t<\/a>\n\t\t\t\t\t\t\t\t<\/div>\n\t\t\t\t<\/div>\n\t\t\t\t\t<\/div>\n\t\t\t\t<\/div>\n\t\t<div class=\"elementor-element elementor-element-c0fcaa7 e-flex e-con-boxed e-con e-parent\" data-id=\"c0fcaa7\" data-element_type=\"container\" data-e-type=\"container\">\n\t\t\t\t\t<div class=\"e-con-inner\">\n\t\t<div class=\"elementor-element elementor-element-8e66401 e-con-full e-flex e-con e-child\" data-id=\"8e66401\" data-element_type=\"container\" data-e-type=\"container\">\n\t\t<div class=\"elementor-element elementor-element-1a82909 e-con-full e-flex e-con e-child\" data-id=\"1a82909\" data-element_type=\"container\" data-e-type=\"container\">\n\t\t\t\t<div class=\"elementor-element elementor-element-57e40df elementor-widget elementor-widget-image\" data-id=\"57e40df\" data-element_type=\"widget\" data-e-type=\"widget\" data-widget_type=\"image.default\">\n\t\t\t\t\t\t\t\t\t\t\t\t\t\t\t<img loading=\"lazy\" decoding=\"async\" width=\"1024\" height=\"683\" src=\"https:\/\/komalanka.pl\/wp-content\/uploads\/2026\/02\/woman-massaging-her-client-her-salon-1024x683.jpg\" class=\"attachment-large size-large wp-image-945\" alt=\"\" srcset=\"https:\/\/komalanka.pl\/wp-content\/uploads\/2026\/02\/woman-massaging-her-client-her-salon-1024x683.jpg 1024w, https:\/\/komalanka.pl\/wp-content\/uploads\/2026\/02\/woman-massaging-her-client-her-salon-300x200.jpg 300w, https:\/\/komalanka.pl\/wp-content\/uploads\/2026\/02\/woman-massaging-her-client-her-salon-768x512.jpg 768w, https:\/\/komalanka.pl\/wp-content\/uploads\/2026\/02\/woman-massaging-her-client-her-salon-1536x1024.jpg 1536w, https:\/\/komalanka.pl\/wp-content\/uploads\/2026\/02\/woman-massaging-her-client-her-salon-2048x1365.jpg 2048w\" sizes=\"(max-width: 1024px) 100vw, 1024px\" \/>\t\t\t\t\t\t\t\t\t\t\t\t\t\t\t<\/div>\n\t\t\t\t<div class=\"elementor-element elementor-element-df17b05 elementor-widget elementor-widget-heading\" data-id=\"df17b05\" data-element_type=\"widget\" data-e-type=\"widget\" data-widget_type=\"heading.default\">\n\t\t\t\t\t<h2 class=\"elementor-heading-title elementor-size-default\"><b>Abhyangam narz\u0119dziem Ajurwedy<\/b><\/h2>\t\t\t\t<\/div>\n\t\t\t\t<div class=\"elementor-element elementor-element-0ab5b6f elementor-widget elementor-widget-text-editor\" data-id=\"0ab5b6f\" data-element_type=\"widget\" data-e-type=\"widget\" data-widget_type=\"text-editor.default\">\n\t\t\t\t\t\t\t\t\t<p>Masa\u017c PRANA ABHYANGAM pochodzi z Ajurwedy, uznanej przez \u015awiatow\u0105 Organizacj\u0119 Zdrowia za tradycyjny system medyczny. Ajurweda pochodzi ze staro\u017cytnych Indii&#8230;<\/p>\t\t\t\t\t\t\t\t<\/div>\n\t\t\t\t<div class=\"elementor-element elementor-element-493c8dd elementor-align-center elementor-widget elementor-widget-button\" data-id=\"493c8dd\" data-element_type=\"widget\" data-e-type=\"widget\" data-widget_type=\"button.default\">\n\t\t\t\t\t\t\t\t\t\t<a class=\"elementor-button elementor-button-link elementor-size-sm\" href=\"https:\/\/komalanka.pl\/?page_id=1176\">\n\t\t\t\t\t\t<span class=\"elementor-button-content-wrapper\">\n\t\t\t\t\t\t\t\t\t<span class=\"elementor-button-text\">Czytaj dalej artyku\u0142<\/span>\n\t\t\t\t\t<\/span>\n\t\t\t\t\t<\/a>\n\t\t\t\t\t\t\t\t<\/div>\n\t\t\t\t<\/div>\n\t\t<div class=\"elementor-element elementor-element-615960d e-con-full e-flex e-con e-child\" data-id=\"615960d\" data-element_type=\"container\" data-e-type=\"container\">\n\t\t\t\t<\/div>\n\t\t\t\t<\/div>\n\t\t\t\t\t<\/div>\n\t\t\t\t<\/div>\n\t\t\t\t<\/div>\n\t\t","protected":false},"excerpt":{"rendered":"<p>Inspiracje z natury Poznaj naturalne sposoby na regeneracj\u0119 cia\u0142a i wyciszenie umys\u0142u. Znajdziesz tu artyku\u0142y o terapeutycznej mocy masa\u017cu, medycynie alternatywnej i ro\u015blinnych recepturach, kt\u00f3re wspieraj\u0105 zdrowie w zgodzie z natur\u0105. Czerp z tych inspiracji i dbaj o siebie m\u0105drze. Jak przygotowa\u0107 si\u0119 do masa\u017cu Abhyangam? Niezale\u017cnie od tego czy przyjdziesz na masa\u017c Abhyangam w&#8230;<\/p>\n","protected":false},"author":1,"featured_media":0,"parent":0,"menu_order":0,"comment_status":"closed","ping_status":"closed","template":"","meta":{"_kadence_starter_templates_imported_post":false,"_kad_post_transparent":"","_kad_post_title":"hide","_kad_post_layout":"fullwidth","_kad_post_sidebar_id":"","_kad_post_content_style":"unboxed","_kad_post_vertical_padding":"hide","_kad_post_feature":"hide","_kad_post_feature_position":"","_kad_post_header":false,"_kad_post_footer":false,"_kad_post_classname":"","footnotes":""},"class_list":["post-21","page","type-page","status-publish","hentry"],"_links":{"self":[{"href":"https:\/\/komalanka.pl\/index.php?rest_route=\/wp\/v2\/pages\/21","targetHints":{"allow":["GET"]}}],"collection":[{"href":"https:\/\/komalanka.pl\/index.php?rest_route=\/wp\/v2\/pages"}],"about":[{"href":"https:\/\/komalanka.pl\/index.php?rest_route=\/wp\/v2\/types\/page"}],"author":[{"embeddable":true,"href":"https:\/\/komalanka.pl\/index.php?rest_route=\/wp\/v2\/users\/1"}],"replies":[{"embeddable":true,"href":"https:\/\/komalanka.pl\/index.php?rest_route=%2Fwp%2Fv2%2Fcomments&post=21"}],"version-history":[{"count":85,"href":"https:\/\/komalanka.pl\/index.php?rest_route=\/wp\/v2\/pages\/21\/revisions"}],"predecessor-version":[{"id":1339,"href":"https:\/\/komalanka.pl\/index.php?rest_route=\/wp\/v2\/pages\/21\/revisions\/1339"}],"wp:attachment":[{"href":"https:\/\/komalanka.pl\/index.php?rest_route=%2Fwp%2Fv2%2Fmedia&parent=21"}],"curies":[{"name":"wp","href":"https:\/\/api.w.org\/{rel}","templated":true}]}}